86.
120
What is the remainder when 86398 is divided by 374?
4
What is the remainder when 3268865 is divided by 9055?
10
Calculate the remainder when 38862 is divided by 6420.
342
What is the remainder when 42774358 is divided by 60?
58
What is the remainder when 1119497 is divided by 371590?
4727
Calculate the remainder when 459449 is divided by 59.
16
Calculate the remainder when 634684745 is divided by 39.
32
Calculate the remainder when 432681 is divided by 108162.
33
What is the remainder when 28348026 is divided by 201?
192
What is the remainder when 344698 is divided by 7811?
1014
What is the remainder when 167856 is divided by 5015?
2361
What is the remainder when 7147236 is divided by 326?
12
What is the remainder when 77255 is divided by 68?
7
Calculate the remainder when 202817 is divided by 99197.
4423
What is the remainder when 334942 is divided by 2637?
43
Calculate the remainder when 24682326 is divided by 441.
438
What is the remainder when 18673964 is divided by 549231?
110
What is the remainder when 24890177 is divided by 12?
5
Calculate the remainder when 14037755 is divided by 4679218.
101
What is the remainder when 12545 is divided by 131?
100
Calculate the remainder when 5664884 is divided by 809254.
106
What is the remainder when 1129069 is divided by 60?
49
What is the remainder when 1331405 is divided by 323?
322
Calculate the remainder when 2917756 is divided by 97.
93
Calculate the remainder when 2195708 is divided by 1165.
848
Calculate the remainder when 429991174 is divided by 112.
102
Calculate the remainder when 7121139 is divided by 12406.
95
Calculate the remainder when 226554987 is divided by 2987.
2985
Calculate the remainder when 50528 is divided by 50369.
159
Calculate the remainder when 5189023 is divided by 62.
57
What is the remainder when 66211488 is divided by 22070496?
0
What is the remainder when 117950 is divided by 16762?
616
Calculate the remainder when 741518 is divided by 1604.
470
Calculate the remainder when 4045871 is divided by 114.
11
What is the remainder when 36723757 is divided by 40?
37
What is the remainder when 517031 is divided by 482?
327
What is the remainder when 92812164 is divided by 14345?
14
Calculate the remainder when 11523081 is divided by 43.
27
Calculate the remainder when 1696057 is divided by 1923.
1894
Calculate the remainder when 10823046 is divided by 32.
6
Calculate the remainder when 33458229 is divided by 8364553.
17
What is the remainder when 22029999 is divided by 603?
600
Calculate the remainder when 4402778 is divided by 60.
38
What is the remainder when 872178 is divided by 217991?
214
What is the remainder when 3381686 is divided by 1031?
6
What is the remainder when 98131 is divided by 2232?
2155
Calculate the remainder when 77203860 is divided by 34.
26
Calculate the remainder when 3331614 is divided by 6507.
30
Calculate the remainder when 1675046 is divided by 40.
6
Calculate the remainder when 113060985 is divided by 13716.
13713
What is the remainder when 22375 is divided by 174?
103
What is the remainder when 29417446 is divided by 2012?
2006
What is the remainder when 28717748 is divided by 626?
624
Calculate the remainder when 32583 is divided by 3668.
3239
What is the remainder when 31829 is divided by 15356?
1117
What is the remainder when 162376425 is divided by 516?
513
Calculate the remainder when 39653337 is divided by 117.
48
Calculate the remainder when 938489 is divided by 234492.
521
What is the remainder when 28640 is divided by 1818?
1370
What is the remainder when 206773191 is divided by 102?
15
What is the remainder when 19779583 is divided by 1337?
5
What is the remainder when 4676672 is divided by 173210?
2
Calculate the remainder when 23487 is divided by 10753.
1981
What is the remainder when 4317180 is divided by 32?
28
What is the remainder when 100327 is divided by 394?
251
What is the remainder when 233501 is divided by 77792?
125
What is the remainder when 117293329 is divided by 407?
406
What is the remainder when 196095877 is divided by 191?
188
Calculate the remainder when 6612791 is divided by 275519.
335
What is the remainder when 458824 is divided by 57312?
328
What is the remainder when 110556 is divided by 54365?
1826
Calculate the remainder when 906853 is divided by 13.
12
What is the remainder when 1280896 is divided by 1403?
1360
What is the remainder when 166718 is divided by 48?
14
Calculate the remainder when 15469748 is divided by 389.
385
Calculate the remainder when 1594478 is divided by 473.
468
Calculate the remainder when 16342484 is divided by 91.
67
What is the remainder when 1581755756 is divided by 638?
636
Calculate the remainder when 74901 is divided by 4652.
469
What is the remainder when 106157 is divided by 1520?
1277
Calculate the remainder when 24183 is divided by 10.
3
What is the remainder when 34854962 is divided by 235?
232
What is the remainder when 2417211 is divided by 262?
261
What is the remainder when 2144331 is divided by 90?
81
What is the remainder when 214684 is divided by 932?
324
Calculate the remainder when 6509547 is divided by 698.
697
Calculate the remainder when 13064464 is divided by 349.
347
What is the remainder when 136523334 is divided by 6023?
6016
What is the remainder when 1890683 is divided by 945319?
45
Calculate the remainder when 6489028 is divided by 3244507.
14
What is the remainder when 167806 is divided by 27860?
646
Calculate the remainder when 1848046 is divided by 1131.
1123
Calculate the remainder when 5283756 is divided by 1761175.
231
Calculate the remainder when 177774 is divided by 8448.
366
Calculate the remainder when 11893445 is divided by 5221.
7
Calculate the remainder when 13333822 is divided by 209.
40
What is the remainder when 341953647 is divided by 575?
572
What is the remainder when 122147 is divided by 799?
699
What is the remainder when 351784 is divided by 58619?
70
Calculate the remainder when 52477257 is divided by 60.
57
Calculate the remainder when 27222299 is divided by 1341.
1340
Calculate the remainder when 1796086 is divided by 704.
182
What is the remainder when 707944 is divided by 9696?
136
What is the remainder when 198244821 is divided by 19?
18
What is the remainder when 25939 is divided by 2869?
118
What is the remainder when 67626 is divided by 33765?
96
Calculate the remainder when 12599699 is divided by 629984.
19
What is the remainder when 89125 is divided by 29479?
688
Calculate the remainder when 6461285 is divided by 228.
221
What is the remainder when 29006229 is divided by 331?
37
Calculate the remainder when 66316796 is divided by 42.
14
Calculate the remainder when 13436104 is divided by 746449.
22
What is the remainder when 29992 is divided by 9960?
112
What is the remainder when 3066756 is divided by 41?
38
Calculate the remainder when 10155 is divided by 2723.
1986
What is the remainder when 14796389 is divided by 2605?
2594
Calculate the remainder when 46269 is divided by 3381.
2316
Calculate the remainder when 9713910 is divided by 2382.
114
Calculate the remainder when 1117104 is divided by 102.
0
Calculate the remainder when 41822336 is divided by 12.
8
Calculate the remainder when 286753 is divided by 1467.
688
Calculate the remainder when 2822279 is divided by 91034.
225
What is the remainder when 8737729 is divided by 3182?
3139
Calculate the remainder when 12412267 is divided by 538.
69
What is the remainder when 5402 is divided by 1759?
125
What is the remainder when 15818130 is divided by 1660?
1650
Calculate the remainder when 33213 is divided by 570.
153
Calculate the remainder when 612483 is divided by 305760.
963
What is the remainder when 114042 is divided by 18975?
192
Calculate the remainder when 39805897 is divided by 20.
17
Calculate the remainder when 10538189 is divided by 1756358.
41
Calculate the remainder when 25306945 is divided by 150.
145
What is the remainder when 320252 is divided by 10325?
177
Calculate the remainder when 61510 is divided by 253.
31
Calculate the remainder when 1028450 is divided by 212.
38
What is the remainder when 1137728 is divided by 422?
16
What is the remainder when 72484 is divided by 24161?
1
What is the remainder when 20523451 is divided by 943?
942